
What is the tens digit of 2/(-64)*4 + 17473/8?
8
Suppose -2*p - 3*p + 45 = -5*u, -2*p + 30 = -5*u. Suppose p*j + 0*l - 3*l = 499, -2*l = 4*j - 386. What is the units digit of j?
8
Suppose -8*h + 8 = -6*h. Suppose -110 = -g - 2*g + 5*f, -h*g + 185 = f. What is the units digit of g?
5
Let w(x) = -x**2 - 11*x + 12. Let a be w(-12). Suppose a = -2*r + 4 + 2. What is the units digit of r*8/6 + 0?
4
Let g = -2257 + 5319. What is the units digit of g?
2
Suppose 3*a - 9*a = -1128. Suppose -2*b - 5*z + a = b, b = 2*z + 59. What is the units digit of b?
1
Suppose -5 + 1 = 2*v, v = 2*x - 266. Suppose 5*h + x = 6*h. What is the hundreds digit of h?
1
Suppose -2*q + 4*k = -42, -q + 4*k - 53 = -4*q. Let m = -17 + q. Suppose 4*h - 4*b - 108 = 0, 7*h - m*h - 141 = -b. What is the units digit of h?
8
Let x(i) = 62*i**2 + 18*i - 37. What is the hundreds digit of x(5)?
6
Let d(o) = 274*o + 544. What is the tens digit of d(8)?
3
Let b(y) = 76*y**2 - 9*y + 14. Let o be b(4). Suppose -2 = -13*k + o. What is the units digit of k?
2
Let j = -12 - -17. Let n(h) = 17 + j*h**2 - 6*h**2 + 13*h + 0*h**2. What is the units digit of n(13)?
7
Suppose -3*i - 2*i = -5, -2*o + 67 = 5*i. Suppose 5*q - o = 249. What is the units digit of q?
6
Let o = -80 + -19. What is the units digit of 6/o*-3 + (-210)/(-55)?
4
Let b(q) = q**3 + q**2 - q + 4. Let u be b(0). Let y be u/7 + (-48)/(-112). Let o(t) = 29*t**3. What is the tens digit of o(y)?
2
Let f = 682 - 301. What is the units digit of f?
1
Let j be (-7)/(-9) - 2/(-9). Let h(o) = -31*o**2 + 8*o - 7. Let q(r) = -62*r**2 + 15*r - 13. Let d(g) = 11*h(g) - 6*q(g). What is the units digit of d(j)?
0
Suppose -12*g + 8 = -11*g. What is the hundreds digit of (2 - 6)*6/g - -140?
1
Suppose 5*y - 147 = -z, -4*y - 20 = -0*y. What is the units digit of z?
2
Suppose -6*z - 17916 = -3*g - 3*z, -5978 = -g - 2*z. What is the thousands digit of g?
5
Suppose 0 = -y + 3*y - 10. Suppose 0 = -0*v - y*v. Suppose v = -5*c + 72 + 83. What is the units digit of c?
1
Suppose 11*y = 8290 + 3645. What is the tens digit of y?
8
Suppose 3*b - 3*g + 144 - 912 = 0, -3*g - 250 = -b. Let o = b + -27. What is the tens digit of o?
3
Suppose 5*v + m + m = -38, 3*m = -5*v - 42. Let p(j) = -j - 1. What is the units digit of p(v)?
5
Let n(l) = 45*l**2 + 1. Let j(t) = 179*t**2 + t + 4. Let i(r) = -2*j(r) + 9*n(r). What is the units digit of i(1)?
6
Suppose -7*u + 103 = -1262. Let j = u - 103. What is the tens digit of j?
9
Suppose 2*w - 17 = 3*w. Let k = -14 - w. Suppose -3*c + k*b + 89 = 2*c, -2*c - 3*b + 44 = 0. What is the tens digit of c?
1
Let f = 62 + -53. What is the units digit of f?
9
Let h be -4 - (-2)/2*6. What is the tens digit of ((-69)/12)/(h/(-24))?
6
Let p(q) = -2*q + 1. Let w be p(-2). Suppose -2*i + w + 5 = 0. Suppose -4*m - 1 = -3*k - 80, -5*k = i. What is the tens digit of m?
1
Let p be ((-4)/5)/((-2)/15). Let x = -20 + p. What is the tens digit of (-606)/x + (-2)/7?
4
Let y(k) = -k**3 + 5*k**2 - 14*k + 20. Let n be y(8). Let z = n - -456. What is the hundreds digit of z?
1
Let v(s) = -s - 1. Let d(l) = -7*l + 3. Let y(f) = d(f) - 3*v(f). Suppose 4*w = 4*n + 32, 4*n + 51 - 19 = -2*w. What is the tens digit of y(n)?
3
Let c(z) = z**2 + 2*z - 2. Let r(w) = 2*w**2 + 5*w - 3. Let t = 10 - 15. Let g(m) = t*c(m) + 3*r(m). What is the tens digit of g(-7)?
1
Suppose -o + 4864 = a, 10 = -89*o + 91*o. What is the thousands digit of a?
4
Suppose 4*p + 0*v + 2*v - 148 = 0, 2*p - v = 78. Let w = 30 + -15. What is the units digit of p/3*w/10?
9
Suppose 0 = -p + 1, 0 = -i + p + 2. Suppose -4*v + i*v + 10 = 0. What is the units digit of ((-16)/v)/(20/(-50))?
4
Let k(r) = r**2 - 21*r + 150. What is the tens digit of k(29)?
8
Let u be 47 + 2 - (-2)/(-2). Suppose u = s + s. What is the units digit of s?
4
Let o = -564 - -1072. What is the tens digit of o?
0
Suppose 2*c = z - 265 - 3041, -5*z + 16554 = -4*c. What is the tens digit of z?
1
Let x(c) = -c**2 - 21. Let k be x(0). Let i be (-52)/(-26) - (43 + 0). Let q = k - i. What is the units digit of q?
0
Let f = -137 + 235. Let i = -53 + f. What is the units digit of i?
5
Suppose 75*v = 70*v + 1930. What is the units digit of v?
6
Suppose -5*i = 4*v - 45, 0 = -6*v + v. What is the units digit of 44/(-11) - (-1 - i)?
6
Let w = -267 + 1111. What is the tens digit of w?
4
Suppose 172 = h - 186. What is the units digit of h?
8
Suppose 6*w = w + 10. Suppose -4*s = -4, -4*o + 0 + 12 = 4*s. Suppose w*x - 34 - 11 = -5*h, o*x = -h + 25. What is the tens digit of x?
1
Let w(y) = -54*y**2 - 3*y - 10. Let q be w(-3). Let o = -1383 - q. What is the tens digit of o/(-16) - 4/(-1)?
6
What is the units digit of 1167 - 10/25*15?
1
Suppose -3*q - 366 = -2454. What is the tens digit of q?
9
Let h = -16 - -18. Suppose -5*o + h*o + 45 = 0. Let s = o + 10. What is the tens digit of s?
2
Let g(c) = -1605*c**3 + c**2 + c + 2. What is the thousands digit of g(-1)?
1
Let k = 4 - -1. Suppose 27 = -k*y + 7. What is the tens digit of 28/1 + (0 - y)?
3
Let r be ((-4)/3)/((-4)/(-18)). Let o be (2/r)/(4/(-888)). What is the units digit of (-8)/(-12) - o/(-6)?
3
Let c(j) = 389*j**3 + j**2 - j. What is the units digit of c(1)?
9
Suppose -5*z + 5*s = -4*z - 426, -s - 2226 = -5*z. What is the units digit of z?
6
Suppose -3*w + 727 = -4*r - r, -3*w + 3*r = -729. What is the units digit of w?
4
Suppose 10 = -4*h + 6*h. Suppose -h*t - 2*r - 3*r + 70 = 0, -3*t + 18 = -3*r. Suppose t*l = 5*l + 20. What is the units digit of l?
4
Suppose 103 + 137 = 2*c - 5*x, -c = -5*x - 125. What is the hundreds digit of c?
1
Let w(h) = -122*h - 5. What is the units digit of w(-4)?
3
What is the units digit of (2/(-2))/((-1)/479*1)?
9
Suppose 0 = -d + 4*l + 74, -4*d - 3*l = -6*d + 123. What is the units digit of d?
4
Let x(t) = 49*t + 20. What is the hundreds digit of x(9)?
4
Let g = 5 - 5. Suppose 0 = 3*h - g*h - 9. Suppose -h*o - o = 3*u - 23, -21 = -4*o - u. What is the units digit of o?
5
Let n(a) = -2*a**3 - 11*a**2 + 12*a + 39. What is the hundreds digit of n(-9)?
4
Suppose 46*x - 51*x = -5530. What is the tens digit of x?
0
Let j be 1/4 - (-21)/(-84). Suppose -5*l = n - 1658, 3*l + n + n - 992 = j. What is the tens digit of l?
3
Let t = 159 - -161. What is the units digit of t?
0
Let y = 35 + -9. Suppose -2*d - d - 57 = -5*g, -2*d = 2*g - y. Let m = g + 29. What is the tens digit of m?
4
What is the units digit of 1/4*5*(120 - -12)?
5
Let c be (-12)/32 - 2284/(-32). Suppose -c = -4*d + 3*d. What is the tens digit of d?
7
Let n(l) = -l**2 - 33*l + 210. What is the hundreds digit of n(-28)?
3
Let g(j) = -4*j - 2. Let l be g(-2). Let r(t) = 2*t - 16. Let k be r(7). What is the units digit of k/(l/(-33)) + -2?
9
Let p = -21 + 21. Suppose b - 35 - 34 = p. What is the tens digit of b?
6
Suppose 15*g = -f + 17*g + 83, 0 = -3*f + 2*g + 245. What is the tens digit of f?
8
Let u be 0/(-1) - (-4 + 20). Let t be u/(-2) + (-3 - 0). Suppose 0 = 4*y - 0*f + 4*f - 204, -t*y - 4*f = -253. What is the tens digit of y?
4
Let k = 754 + -386. What is the tens digit of k?
6
Let v(b) = 760*b**2 - 14*b - 6. What is the tens digit of v(-1)?
6
Suppose -5*c - 16*c = -104517. What is the tens digit of c?
7
Let f(t) = 186*t - 268. What is the tens digit of f(12)?
6
Suppose 566 = 3*t + 5*x - 68, 0 = -2*t + 2*x + 412. What is the tens digit of t?
0
Suppose -60 = 9*y - 1518. What is the tens digit of y?
6
Let w = -675 + 1162. What is the hundreds digit of w?
4
Suppose 0 = 5*n - 9 - 21. Suppose n*p - p - 26 = 4*r, p = -r - 2. Suppose s = -x - 4 + 10, p*s + 36 = 4*x. What is the units digit of x?
8
Suppose 2393 = 2*y + 3*g, g + 3587 = 3*y + 5*g. What is the units digit of y?
9
Let f(i) = 2*i**3 - 45*i**2 + 12*i - 10. What is the hundreds digit of f(23)?
7
Let l = -7 + 5. Let h be 0 + ((-12)/l - 3). Let w(q) = 7*q - 1. What is the tens digit of w(h)?
2
Let i = -111 - 50. What is the tens digit of (-4)/(-14) - 6716/i?
4
Let s(k) = -k**3 - 3*k**2 + 4*k + 4. Let m be s(-4). Suppose 4*o = -5*d + 450, m*d - 493 = -4*o - 45. What is the tens digit of o?
1
Suppose 6*n = 4*n. Suppose 0 = 3*a - 4*o - o - 34, n = 4*o + 8. Suppose -2*j + a = -j. What is the units digit of j?
8
Suppose -k - k + 8 = 0. Suppose k - 6 = h. What is the tens digit of 8/h + 73/1?
6
Let g = 16 + -15. Suppose s = 11 - g. What is the te